. Let r = 207 - n. What are the prime factors of r?
5, 17
Let j(z) = -1. Let w(a) = -11*a - 12. Suppose 5*m + 2*b = -1, 5*m - 3*m - 5*b - 17 = 0. Let y(r) = m*w(r) - 6*j(r). List the prime factors of y(-5).
7
Suppose 0*p - 2*p = -22. Let z = p - 9. Suppose -5*f = 4*d - 63, -z*d - 2*f = 3*f - 19. What are the prime factors of d?
2, 11
Let h be (1/(-2))/((-2)/8). Suppose 5*g = 7*u - h*u + 110, 0 = -5*g - 4*u + 101. List the prime factors of g*(2/3 + 2).
2, 7
Let w = -96 + 447. What are the prime factors of w?
3, 13
Let p be -2*(-92)/56 + 6/(-21). Suppose -2*r = 2*g - 168, 2*g = -0*r - p*r + 170. What are the prime factors of g?
2, 41
Suppose 0 = 4*y, 4*b + 0*y = -2*y - 12. Let r be 2/b - 84/(-18). Suppose -5*f = 5*q - 5, q - 1 = -2*q - r*f. What are the prime factors of q?
3
Suppose 0 = -10*n + 13*n - 18. Suppose 2*u + 5*x = 151, -2*x + n*x = 2*u - 142. What are the prime factors of u?
73
Suppose h - 16 = -3*h. What are the prime factors of (-6)/h*102/(-9)?
17
Let r = 1502 - 882. What are the prime factors of r?
2, 5, 31
Let c(f) = -f**2 - 23*f - 45. Let v be c(-20). List the prime factors of (((-408)/v)/(-1))/((-4)/(-10)).
2, 17
Let g be 12/(-18) - (-62)/3. Suppose 0 = -19*z + 14*z + g. Let n(c) = -c**2 + 7*c + 2. What are the prime factors of n(z)?
2, 7
Let u(a) = a**2 - 5*a + 3. Let r be u(6). Let j be 1414/r + (-5)/45. Let t = j - 101. What are the prime factors of t?
2, 7
Suppose -5*v + 12220 = 3*j, -3*j = -5*v + 14393 - 2203. List the prime factors of v.
2441
Suppose -8*x = -5*x - 2*g - 839, g - 273 = -x. List the prime factors of x.
277
Let t(n) = n**3 + 5*n**2 - 7*n. Let g be t(-6). Let s be (27/(-6))/((-3)/g). List the prime factors of ((-3)/s)/(2/(-246)).
41
Let c(d) = -34*d - 17. Let l(b) = 17*b + 9. Let x(p) = -3*c(p) - 5*l(p). What are the prime factors of x(3)?
3, 19
Let d(a) = 47*a**3 - 3*a**2 + a + 3. List the prime factors of d(2).
3, 41
Suppose -8*a + 2*a = -186. Suppose -7*i - a = -605. List the prime factors of i.
2, 41
Let f(c) = -c + 4. Let r be f(0). Let s be (-4)/r + 120/2. Let n = s - 38. What are the prime factors of n?
3, 7
Let b(s) be the first derivative of -5*s**3/3 - 5*s**2 + 5*s + 2. Let f(k) = 4*k**2 + 9*k - 4. Let u(j) = -5*b(j) - 6*f(j). List the prime factors of u(7).
2, 5
What are the prime factors of (-6 - -20) + -6 + 6?
2, 7
List the prime factors of ((1980/(-7))/(-9))/(6/273).
2, 5, 11, 13
Let g(p) = p**2 + 2*p - 33. Let h be g(5). Suppose -h*a - f + 370 = -0*f, a = 3*f + 192. List the prime factors of a.
2, 3, 31
Suppose 20 = -5*h, 2*s - h = 6*s - 13432. What are the prime factors of s?
3359
Let p be (4 - (0 - 4))*4. Suppose -z = -5*z + p. Suppose z*g = 4*g - 5*a + 156, 4*g - 156 = -a. List the prime factors of g.
3, 13
Let u(z) = -z**3 - 29*z**2 - 40*z - 29. Let q be u(-28). Let r = q - 140. What are the prime factors of r?
167
Suppose -3072 = -16*c + 1216. What are the prime factors of c?
2, 67
Let k(z) = 84*z + 98*z - 4 - 48*z - 1. What are the prime factors of k(1)?
3, 43
Let p = -19 - -31. Suppose -4 = -4*d - p. List the prime factors of d - -3 - -27 - -1.
29
Suppose 2*g = 4*v - 3*g - 135, -g + 147 = 5*v. Suppose 2*d - v = -0*d. Let y = d - 13. List the prime factors of y.
2
Suppose 4 = c - 1, 0 = 2*a + 2*c - 24. Suppose a*r + r = 768. What are the prime factors of r?
2, 3
Let x be 1/(35/(-25))*-7. Suppose 3*h + 5*t = 421, -2*t = -0*h - x*h + 681. What are the prime factors of -4 + (h + 3)/2?
2, 3, 11
Suppose 0 = l + 3*l - 1080. Let x be (2/(-4))/((-9)/l). Let j = x - 13. List the prime factors of j.
2
Suppose 6*b - 11*b = -25. Suppose 76 = b*f + 6. Let j = 19 - f. What are the prime factors of j?
5
Suppose 231 = 3*d - 4*d - p, -d - 229 = 3*p. List the prime factors of d/(-40) + 1/5.
2, 3
Let u = 1747 + -894. What are the prime factors of u?
853
Suppose -f + 5*c = -13, -5*f - c + 39 = -52. What are the prime factors of (7/(210/f))/(1/95)?
3, 19
Let y be 2/(-7) + -1 + (-1191)/21. Let b = 102 + y. List the prime factors of b.
2, 11
Let p be 724/(-10) - 0 - 2/(-5). Let q = -24 - p. List the prime factors of q.
2, 3
Suppose 1 = 4*j - 3, -2*j = -3*g + 1105. Let s = g - 261. What are the prime factors of s?
2, 3
Let f(p) = p**2 + 13*p + 24. Let i be f(-11). Suppose 0 = i*m - 4*c - 96, -4*c + 78 = 3*m - 2*m. List the prime factors of m.
2, 29
Let y(k) = -7*k**2 - 57*k + 11. List the prime factors of y(-6).
101
Let j(q) = -2*q - 4 - 5 + 3. Suppose -11 + 3 = 2*h. List the prime factors of j(h).
2
Suppose 2*t + 2*t + 272 = 0. Let g = t - -96. Suppose 0 = -2*p + g. List the prime factors of p.
2, 7
Let a(g) = 11028*g + 48. Let c be a(6). What are the prime factors of c/341 - (-1 - (-13)/11)?
2, 97
What are the prime factors of 3/(-12)*20 + 2140?
5, 7, 61
Let q be 8 + ((-36)/(-4))/(-3). Suppose 2*b = 5*h - 10, q*b = 2*h - 5 + 1. Suppose 3*k = -4*o + 70, b = -2*k + o - 5*o + 40. List the prime factors of k.
2, 3, 5
Suppose -3*l + 3*n + 3327 = 0, 6*l = l + n + 5565. What are the prime factors of l?
2, 557
Let t be ((-8)/20)/(3/(-30)). Suppose 0 = -6*f + t*f + 4. What are the prime factors of f?
2
Let z = 3 - -1. Let w(t) be the first derivative of 5*t**2/2 - t - 2. What are the prime factors of w(z)?
19
Suppose -k + 4*z = z + 3, -2*z = 2*k - 10. Let q be ((-6)/18)/(k/9). List the prime factors of (19 - (q - -4)) + -3.
13
Suppose z - 3 = -2*c, -3*c = z - 2*z + 8. Suppose 4*j = -z*b + 194, 3*j = -3*b + 4*j + 130. List the prime factors of b.
2, 3, 7
Suppose -11363 - 8567 = -10*q. What are the prime factors of q?
1993
Suppose 2*m - g - 882 = 0, -m + 439 = -0*m - g. List the prime factors of m.
443
Suppose 4*f - 186 = -k, -4*k + 5*f + 676 = 4*f. List the prime factors of k.
2, 5, 17
Let k(h) = h**3 + 3*h**2 - 3*h. Let l be k(-3). Let u = 9 + l. List the prime factors of u.
2, 3
Let g = -14 - -13. Let o(k) be the first derivative of -28*k**2 + k + 3. What are the prime factors of o(g)?
3, 19
Suppose 65 + 85 = -5*h. Suppose 0*w - 2*t - 8 = w, -2*w - t = 10. Let l = w - h. What are the prime factors of l?
2, 13
Suppose 1122 + 1866 = 9*w. What are the prime factors of w?
2, 83
Let r = 23 + -24. Let g(x) = -21*x**2 - x - 1. Let w(j) = 22*j**2 + j + 1. Let q(a) = -3*g(a) - 2*w(a). List the prime factors of q(r).
19
Let k = -54 - -59. Suppose 37 - 92 = -k*r. What are the prime factors of r?
11
Suppose -29*u = 51990 - 158710. List the prime factors of u.
2, 5, 23
Let q(b) be the second derivative of 8*b**3/3 - 7*b**2/2 - b. List the prime factors of q(5).
73
Let z(j) = 19 + 6*j - 5*j + 4*j - 10*j. What are the prime factors of z(3)?
2
Let n = -101 + 454. What are the prime factors of n?
353
Suppose 3*y + 18 = 33. Let r = 2 + y. What are the prime factors of r?
7
Let z = -13 + 13. Suppose z = p - 3*y + 8 + 1, -2*y = -4*p + 4. List the prime factors of (3 - (3 + p)) + 6.
3
Let n be (-4)/(-10) - (-40)/25. Suppose -n*d = -3*d + 4. Suppose a - 4*u = -3, -u = 2*a - d*u - 14. List the prime factors of a.
13
Suppose 119*g = 116*g. Suppose g = -3*j + 6, n - 2*n + 265 = j. What are the prime factors of n?
263
Let p = 12 + -5. Suppose -4*k = -387 - 313. Suppose -p*g + k = -2*g. What are the prime factors of g?
5, 7
Suppose 5*z - 3*z = 112. Let q = z - 40. Let b = 27 - q. What are the prime factors of b?
11
Let i = 30 - -105. Let g = 197 - i. What are the prime factors of g?
2, 31
Let c(q) = 115*q**3 + 7*q**2 - 10*q - 2. List the prime factors of c(3).
2, 7
Suppose -i + 6 = 2*o - 0*o, -4*i - 8 = 0. Suppose -o*r - 17 = r - 4*m, 0 = -2*m + 6. Let h = r - -6. What are the prime factors of h?
5
Let l = 293 - -34. What are the prime factors of l?
3, 109
Let n(w) = -22*w**2 - 3*w + 1. Let m be n(-1). Let h = 115 - m. List the prime factors of h.
7, 19
What are the prime factors of (-9)/(-18)*(4*83 - 2)?
3, 5, 11
Let u(w) = 899*w + 6. List the prime factors of u(1).
5, 181
Let m(z) = z**3 - 7*z**2 + 2. Let o be m(7). Let q(i) = 18*i + 0*i**o - 8 + 1 - i**2 - 3. List the prime factors of q(13).
5, 11
Suppose -z + 7*z + 198 = 0. Let d = -30 - z. What are the prime factors of d?
3
Suppose 5*i - 6 = -1. Let t be 355/((i - -1)/2). Suppose 0 = 5*z + 5*r - t, 3*r = -0*z + 4*z - 263. List the prime factors of z.
2, 17
Suppose 2*s - 2856 + 379 = -5*r, -5*s - 2*r + 6182 = 0. What are the prime factors of s?
2, 3, 103
Let q(m) = 4*m + 30 - 2*m - 4*m 